{"id":4958,"date":"2017-02-08T12:40:24","date_gmt":"2017-02-08T12:40:24","guid":{"rendered":"http:\/\/ds1.opw.ie\/wp-content\/uploads\/2017\/01\/Princess-Grace-of-Monaco-and-President-Eamon-de-Valera-at-State-banquet-in-Dublin-Castle-10.06.1961-photograph-Agence-Dalmas-1.jpg"},"modified":"2017-02-23T10:06:01","modified_gmt":"2017-02-23T10:06:01","slug":"princess-grace-of-monaco-and-president-eamon-de-valera-at-state-banquet-in-dublin-castle-10-06-1961-photograph-agence-dalmas-2-2","status":"inherit","type":"attachment","link":"https:\/\/dublincastle.ie\/ga\/history\/princess-grace-of-monaco-and-president-eamon-de-valera-at-state-banquet-in-dublin-castle-10-06-1961-photograph-agence-dalmas-2-2\/","title":{"rendered":"Banphrionsa Grace Mhonac\u00f3 agus an tUachtar\u00e1n \u00c9amon de Valera"},"author":16,"featured_media":0,"comment_status":"closed","ping_status":"closed","template":"","meta":{"_et_pb_use_builder":"","_et_pb_old_content":"","_et_gb_content_width":""},"class_list":["post-4958","attachment","type-attachment","status-inherit","hentry"],"description":{"rendered":"<p class=\"attachment\"><a href='https:\/\/dublincastle.ie\/wp-content\/uploads\/2017\/01\/Princess-Grace-of-Monaco-and-President-Eamon-de-Valera-at-State-banquet-in-Dublin-Castle-10.06.1961-photograph-Agence-Dalmas-1.jpg'><img loading=\"lazy\" decoding=\"async\" width=\"229\" height=\"300\" src=\"https:\/\/dublincastle.ie\/wp-content\/uploads\/2017\/01\/Princess-Grace-of-Monaco-and-President-Eamon-de-Valera-at-State-banquet-in-Dublin-Castle-10.06.1961-photograph-Agence-Dalmas-1-229x300.jpg\" class=\"attachment-medium size-medium\" alt=\"\" srcset=\"https:\/\/dublincastle.ie\/wp-content\/uploads\/2017\/01\/Princess-Grace-of-Monaco-and-President-Eamon-de-Valera-at-State-banquet-in-Dublin-Castle-10.06.1961-photograph-Agence-Dalmas-1-229x300.jpg 229w, https:\/\/dublincastle.ie\/wp-content\/uploads\/2017\/01\/Princess-Grace-of-Monaco-and-President-Eamon-de-Valera-at-State-banquet-in-Dublin-Castle-10.06.1961-photograph-Agence-Dalmas-1-768x1008.jpg 768w, https:\/\/dublincastle.ie\/wp-content\/uploads\/2017\/01\/Princess-Grace-of-Monaco-and-President-Eamon-de-Valera-at-State-banquet-in-Dublin-Castle-10.06.1961-photograph-Agence-Dalmas-1-780x1024.jpg 780w, https:\/\/dublincastle.ie\/wp-content\/uploads\/2017\/01\/Princess-Grace-of-Monaco-and-President-Eamon-de-Valera-at-State-banquet-in-Dublin-Castle-10.06.1961-photograph-Agence-Dalmas-1-610x800.jpg 610w, https:\/\/dublincastle.ie\/wp-content\/uploads\/2017\/01\/Princess-Grace-of-Monaco-and-President-Eamon-de-Valera-at-State-banquet-in-Dublin-Castle-10.06.1961-photograph-Agence-Dalmas-1-1080x1417.jpg 1080w, https:\/\/dublincastle.ie\/wp-content\/uploads\/2017\/01\/Princess-Grace-of-Monaco-and-President-Eamon-de-Valera-at-State-banquet-in-Dublin-Castle-10.06.1961-photograph-Agence-Dalmas-1.jpg 1561w\" sizes=\"(max-width: 229px) 100vw, 229px\" \/><\/a><\/p>\n"},"caption":{"rendered":"<p>Banphrionsa Grace Mhonac\u00f3 agus an tUachtar\u00e1n \u00c9amon de Valera ag f\u00e9asta St\u00e1it i gCaisle\u00e1n Bhaile \u00c1tha Cliath, 10.06.1961, grianghraf Agence Dalmas.<\/p>\n"},"alt_text":"","media_type":"image","mime_type":"image\/jpeg","media_details":{"width":1561,"height":2048,"file":"2017\/01\/Princess-Grace-of-Monaco-and-President-Eamon-de-Valera-at-State-banquet-in-Dublin-Castle-10.06.1961-photograph-Agence-Dalmas-1.jpg","sizes":{"thumbnail":{"file":"Princess-Grace-of-Monaco-and-President-Eamon-de-Valera-at-State-banquet-in-Dublin-Castle-10.06.1961-photograph-Agence-Dalmas-1-150x150.jpg","width":150,"height":150,"mime_type":"image\/jpeg","source_url":"https:\/\/dublincastle.ie\/wp-content\/uploads\/2017\/01\/Princess-Grace-of-Monaco-and-President-Eamon-de-Valera-at-State-banquet-in-Dublin-Castle-10.06.1961-photograph-Agence-Dalmas-1-150x150.jpg"},"medium":{"file":"Princess-Grace-of-Monaco-and-President-Eamon-de-Valera-at-State-banquet-in-Dublin-Castle-10.06.1961-photograph-Agence-Dalmas-1-229x300.jpg","width":229,"height":300,"mime_type":"image\/jpeg","source_url":"https:\/\/dublincastle.ie\/wp-content\/uploads\/2017\/01\/Princess-Grace-of-Monaco-and-President-Eamon-de-Valera-at-State-banquet-in-Dublin-Castle-10.06.1961-photograph-Agence-Dalmas-1-229x300.jpg"},"medium_large":{"file":"Princess-Grace-of-Monaco-and-President-Eamon-de-Valera-at-State-banquet-in-Dublin-Castle-10.06.1961-photograph-Agence-Dalmas-1-768x1008.jpg","width":768,"height":1008,"mime_type":"image\/jpeg","source_url":"https:\/\/dublincastle.ie\/wp-content\/uploads\/2017\/01\/Princess-Grace-of-Monaco-and-President-Eamon-de-Valera-at-State-banquet-in-Dublin-Castle-10.06.1961-photograph-Agence-Dalmas-1-768x1008.jpg"},"large":{"file":"Princess-Grace-of-Monaco-and-President-Eamon-de-Valera-at-State-banquet-in-Dublin-Castle-10.06.1961-photograph-Agence-Dalmas-1-780x1024.jpg","width":780,"height":1024,"mime_type":"image\/jpeg","source_url":"https:\/\/dublincastle.ie\/wp-content\/uploads\/2017\/01\/Princess-Grace-of-Monaco-and-President-Eamon-de-Valera-at-State-banquet-in-Dublin-Castle-10.06.1961-photograph-Agence-Dalmas-1-780x1024.jpg"},"bloom_image":{"file":"Princess-Grace-of-Monaco-and-President-Eamon-de-Valera-at-State-banquet-in-Dublin-Castle-10.06.1961-photograph-Agence-Dalmas-1-610x800.jpg","width":610,"height":800,"mime_type":"image\/jpeg","source_url":"https:\/\/dublincastle.ie\/wp-content\/uploads\/2017\/01\/Princess-Grace-of-Monaco-and-President-Eamon-de-Valera-at-State-banquet-in-Dublin-Castle-10.06.1961-photograph-Agence-Dalmas-1-610x800.jpg"},"et-pb-post-main-image":{"file":"Princess-Grace-of-Monaco-and-President-Eamon-de-Valera-at-State-banquet-in-Dublin-Castle-10.06.1961-photograph-Agence-Dalmas-1-400x250.jpg","width":400,"height":250,"mime_type":"image\/jpeg","source_url":"https:\/\/dublincastle.ie\/wp-content\/uploads\/2017\/01\/Princess-Grace-of-Monaco-and-President-Eamon-de-Valera-at-State-banquet-in-Dublin-Castle-10.06.1961-photograph-Agence-Dalmas-1-400x250.jpg"},"et-pb-post-main-image-fullwidth":{"file":"Princess-Grace-of-Monaco-and-President-Eamon-de-Valera-at-State-banquet-in-Dublin-Castle-10.06.1961-photograph-Agence-Dalmas-1-1080x675.jpg","width":1080,"height":675,"mime_type":"image\/jpeg","source_url":"https:\/\/dublincastle.ie\/wp-content\/uploads\/2017\/01\/Princess-Grace-of-Monaco-and-President-Eamon-de-Valera-at-State-banquet-in-Dublin-Castle-10.06.1961-photograph-Agence-Dalmas-1-1080x675.jpg"},"et-pb-portfolio-image":{"file":"Princess-Grace-of-Monaco-and-President-Eamon-de-Valera-at-State-banquet-in-Dublin-Castle-10.06.1961-photograph-Agence-Dalmas-1-400x284.jpg","width":400,"height":284,"mime_type":"image\/jpeg","source_url":"https:\/\/dublincastle.ie\/wp-content\/uploads\/2017\/01\/Princess-Grace-of-Monaco-and-President-Eamon-de-Valera-at-State-banquet-in-Dublin-Castle-10.06.1961-photograph-Agence-Dalmas-1-400x284.jpg"},"et-pb-portfolio-module-image":{"file":"Princess-Grace-of-Monaco-and-President-Eamon-de-Valera-at-State-banquet-in-Dublin-Castle-10.06.1961-photograph-Agence-Dalmas-1-510x382.jpg","width":510,"height":382,"mime_type":"image\/jpeg","source_url":"https:\/\/dublincastle.ie\/wp-content\/uploads\/2017\/01\/Princess-Grace-of-Monaco-and-President-Eamon-de-Valera-at-State-banquet-in-Dublin-Castle-10.06.1961-photograph-Agence-Dalmas-1-510x382.jpg"},"et-pb-portfolio-image-single":{"file":"Princess-Grace-of-Monaco-and-President-Eamon-de-Valera-at-State-banquet-in-Dublin-Castle-10.06.1961-photograph-Agence-Dalmas-1-1080x1417.jpg","width":1080,"height":1417,"mime_type":"image\/jpeg","source_url":"https:\/\/dublincastle.ie\/wp-content\/uploads\/2017\/01\/Princess-Grace-of-Monaco-and-President-Eamon-de-Valera-at-State-banquet-in-Dublin-Castle-10.06.1961-photograph-Agence-Dalmas-1-1080x1417.jpg"},"full":{"file":"Princess-Grace-of-Monaco-and-President-Eamon-de-Valera-at-State-banquet-in-Dublin-Castle-10.06.1961-photograph-Agence-Dalmas-1.jpg","width":1561,"height":2048,"mime_type":"image\/jpeg","source_url":"https:\/\/dublincastle.ie\/wp-content\/uploads\/2017\/01\/Princess-Grace-of-Monaco-and-President-Eamon-de-Valera-at-State-banquet-in-Dublin-Castle-10.06.1961-photograph-Agence-Dalmas-1.jpg"}},"image_meta":{"aperture":"0","credit":"","camera":"","caption":"","created_timestamp":"1485618190","copyright":"","focal_length":"0","iso":"0","shutter_speed":"0","title":"","orientation":"1","keywords":[]}},"post":4357,"source_url":"https:\/\/dublincastle.ie\/wp-content\/uploads\/2017\/01\/Princess-Grace-of-Monaco-and-President-Eamon-de-Valera-at-State-banquet-in-Dublin-Castle-10.06.1961-photograph-Agence-Dalmas-1.jpg","_links":{"self":[{"href":"https:\/\/dublincastle.ie\/ga\/wp-json\/wp\/v2\/media\/4958","targetHints":{"allow":["GET"]}}],"collection":[{"href":"https:\/\/dublincastle.ie\/ga\/wp-json\/wp\/v2\/media"}],"about":[{"href":"https:\/\/dublincastle.ie\/ga\/wp-json\/wp\/v2\/types\/attachment"}],"author":[{"embeddable":true,"href":"https:\/\/dublincastle.ie\/ga\/wp-json\/wp\/v2\/users\/16"}],"wp:attached-to":[{"embeddable":true,"post_type":"page","id":4357,"href":"https:\/\/dublincastle.ie\/ga\/wp-json\/wp\/v2\/pages\/4357"}],"curies":[{"name":"wp","href":"https:\/\/api.w.org\/{rel}","templated":true}]}}

Banphrionsa Grace Mhonacó agus an tUachtarán Éamon de Valera

<p>Banphrionsa Grace Mhonacó agus an tUachtarán Éamon de Valera ag féasta Stáit i gCaisleán Bhaile Átha Cliath, 10.06.1961, grianghraf Agence Dalmas.</p>
